{"id":9276,"date":"2026-02-05T13:19:42","date_gmt":"2026-02-05T13:19:42","guid":{"rendered":"https:\/\/www.sbhss.eu\/?post_type=event&#038;p=9276"},"modified":"2026-03-23T13:30:59","modified_gmt":"2026-03-23T13:30:59","slug":"eu-green-week-2","status":"publish","type":"event","link":"https:\/\/www.sbhss.eu\/sv\/handelser\/eu-green-week-2\/","title":{"rendered":"EU Green Week"},"content":{"rendered":"<p>Den 3 till 4 juni arrangerar DG Environment sin \u00e5rliga konferens <a href=\"https:\/\/green-week.event.europa.eu\/index_en\">EU Green Week<\/a>. Konferensen l\u00e4nkar samman beslutsfattare, n\u00e4ringslivet och civilsamh\u00e4llet f\u00f6r att diskutera EU:s milj\u00f6politik. Aktuellt f\u00f6r i \u00e5r \u00e4r diskussioner kring hur klimatpolitiken kan gynna EU:s f\u00f6retag och konkurrenskraft.<\/p>\n","protected":false},"featured_media":0,"template":"","class_list":["post-9276","event","type-event","status-publish","hentry"],"acf":[],"yoast_head":"<!-- This site is optimized with the Yoast SEO plugin v27.2 - https:\/\/yoast.com\/product\/yoast-seo-wordpress\/ -->\n<title>EU Green Week - SBHSS<\/title>\n<meta name=\"robots\" content=\"index, follow, max-snippet:-1, max-image-preview:large, max-video-preview:-1\" \/>\n<link rel=\"canonical\" href=\"https:\/\/www.sbhss.eu\/handelser\/eu-green-week-2\/\" \/>\n<meta property=\"og:locale\" content=\"sv_SE\" \/>\n<meta property=\"og:type\" content=\"article\" \/>\n<meta property=\"og:title\" content=\"EU Green Week - SBHSS\" \/>\n<meta property=\"og:description\" content=\"Den 3 till 4 juni arrangerar DG Environment sin \u00e5rliga konferens EU Green Week. Konferensen l\u00e4nkar samman beslutsfattare, n\u00e4ringslivet och civilsamh\u00e4llet f\u00f6r att diskutera EU:s milj\u00f6politik. Aktuellt f\u00f6r i \u00e5r \u00e4r diskussioner kring hur klimatpolitiken kan gynna EU:s f\u00f6retag och konkurrenskraft.\" \/>\n<meta property=\"og:url\" content=\"https:\/\/www.sbhss.eu\/handelser\/eu-green-week-2\/\" \/>\n<meta property=\"og:site_name\" content=\"SBHSS\" \/>\n<meta property=\"article:modified_time\" content=\"2026-03-23T13:30:59+00:00\" \/>\n<meta name=\"twitter:card\" content=\"summary_large_image\" \/>\n<meta name=\"twitter:label1\" content=\"Ber\u00e4knad l\u00e4stid\" \/>\n\t<meta name=\"twitter:data1\" content=\"1 minut\" \/>\n<script type=\"application\/ld+json\" class=\"yoast-schema-graph\">{\"@context\":\"https:\/\/schema.org\",\"@graph\":[{\"@type\":\"WebPage\",\"@id\":\"https:\/\/www.sbhss.eu\/handelser\/eu-green-week-2\/\",\"url\":\"https:\/\/www.sbhss.eu\/handelser\/eu-green-week-2\/\",\"name\":\"EU Green Week - SBHSS\",\"isPartOf\":{\"@id\":\"https:\/\/www.sbhss.eu\/#website\"},\"datePublished\":\"2026-02-05T13:19:42+00:00\",\"dateModified\":\"2026-03-23T13:30:59+00:00\",\"breadcrumb\":{\"@id\":\"https:\/\/www.sbhss.eu\/handelser\/eu-green-week-2\/#breadcrumb\"},\"inLanguage\":\"sv-SE\",\"potentialAction\":[{\"@type\":\"ReadAction\",\"target\":[\"https:\/\/www.sbhss.eu\/handelser\/eu-green-week-2\/\"]}]},{\"@type\":\"BreadcrumbList\",\"@id\":\"https:\/\/www.sbhss.eu\/handelser\/eu-green-week-2\/#breadcrumb\",\"itemListElement\":[{\"@type\":\"ListItem\",\"position\":1,\"name\":\"Hem\",\"item\":\"https:\/\/www.sbhss.eu\/sv\/\"},{\"@type\":\"ListItem\",\"position\":2,\"name\":\"EU Green Week\"}]},{\"@type\":\"WebSite\",\"@id\":\"https:\/\/www.sbhss.eu\/#website\",\"url\":\"https:\/\/www.sbhss.eu\/\",\"name\":\"SBHSS\",\"description\":\"\",\"potentialAction\":[{\"@type\":\"SearchAction\",\"target\":{\"@type\":\"EntryPoint\",\"urlTemplate\":\"https:\/\/www.sbhss.eu\/?s={search_term_string}\"},\"query-input\":{\"@type\":\"PropertyValueSpecification\",\"valueRequired\":true,\"valueName\":\"search_term_string\"}}],\"inLanguage\":\"sv-SE\"}]}<\/script>\n<!-- \/ Yoast SEO plugin. -->","yoast_head_json":{"title":"EU Green Week - SBHSS","robots":{"index":"index","follow":"follow","max-snippet":"max-snippet:-1","max-image-preview":"max-image-preview:large","max-video-preview":"max-video-preview:-1"},"canonical":"https:\/\/www.sbhss.eu\/handelser\/eu-green-week-2\/","og_locale":"sv_SE","og_type":"article","og_title":"EU Green Week - SBHSS","og_description":"Den 3 till 4 juni arrangerar DG Environment sin \u00e5rliga konferens EU Green Week. Konferensen l\u00e4nkar samman beslutsfattare, n\u00e4ringslivet och civilsamh\u00e4llet f\u00f6r att diskutera EU:s milj\u00f6politik. Aktuellt f\u00f6r i \u00e5r \u00e4r diskussioner kring hur klimatpolitiken kan gynna EU:s f\u00f6retag och konkurrenskraft.","og_url":"https:\/\/www.sbhss.eu\/handelser\/eu-green-week-2\/","og_site_name":"SBHSS","article_modified_time":"2026-03-23T13:30:59+00:00","twitter_card":"summary_large_image","twitter_misc":{"Ber\u00e4knad l\u00e4stid":"1 minut"},"schema":{"@context":"https:\/\/schema.org","@graph":[{"@type":"WebPage","@id":"https:\/\/www.sbhss.eu\/handelser\/eu-green-week-2\/","url":"https:\/\/www.sbhss.eu\/handelser\/eu-green-week-2\/","name":"EU Green Week - SBHSS","isPartOf":{"@id":"https:\/\/www.sbhss.eu\/#website"},"datePublished":"2026-02-05T13:19:42+00:00","dateModified":"2026-03-23T13:30:59+00:00","breadcrumb":{"@id":"https:\/\/www.sbhss.eu\/handelser\/eu-green-week-2\/#breadcrumb"},"inLanguage":"sv-SE","potentialAction":[{"@type":"ReadAction","target":["https:\/\/www.sbhss.eu\/handelser\/eu-green-week-2\/"]}]},{"@type":"BreadcrumbList","@id":"https:\/\/www.sbhss.eu\/handelser\/eu-green-week-2\/#breadcrumb","itemListElement":[{"@type":"ListItem","position":1,"name":"Hem","item":"https:\/\/www.sbhss.eu\/sv\/"},{"@type":"ListItem","position":2,"name":"EU Green Week"}]},{"@type":"WebSite","@id":"https:\/\/www.sbhss.eu\/#website","url":"https:\/\/www.sbhss.eu\/","name":"SBHSS","description":"","potentialAction":[{"@type":"SearchAction","target":{"@type":"EntryPoint","urlTemplate":"https:\/\/www.sbhss.eu\/?s={search_term_string}"},"query-input":{"@type":"PropertyValueSpecification","valueRequired":true,"valueName":"search_term_string"}}],"inLanguage":"sv-SE"}]}},"_links":{"self":[{"href":"https:\/\/www.sbhss.eu\/sv\/wp-json\/wp\/v2\/event\/9276","targetHints":{"allow":["GET"]}}],"collection":[{"href":"https:\/\/www.sbhss.eu\/sv\/wp-json\/wp\/v2\/event"}],"about":[{"href":"https:\/\/www.sbhss.eu\/sv\/wp-json\/wp\/v2\/types\/event"}],"wp:attachment":[{"href":"https:\/\/www.sbhss.eu\/sv\/wp-json\/wp\/v2\/media?parent=9276"}],"curies":[{"name":"wp","href":"https:\/\/api.w.org\/{rel}","templated":true}]}}

<p>Den 3 till 4 juni arrangerar DG Environment sin årliga konferens <a href="https://green-week.event.europa.eu/index_en">EU Green Week</a>. Konferensen länkar samman beslutsfattare, näringslivet och civilsamhället för att diskutera EU:s miljöpolitik. Aktuellt för i år är diskussioner kring hur klimatpolitiken kan gynna EU:s företag och konkurrenskraft.</p>

<!-- This site is optimized with the Yoast SEO plugin v27.2 - https://yoast.com/product/yoast-seo-wordpress/ -->
<title>EU Green Week - SBHSS</title>
<meta name="robots" content="index, follow, max-snippet:-1, max-image-preview:large, max-video-preview:-1" />
<link rel="canonical" href="https://www.sbhss.eu/handelser/eu-green-week-2/" />
<meta property="og:locale" content="sv_SE" />
<meta property="og:type" content="article" />
<meta property="og:title" content="EU Green Week - SBHSS" />
<meta property="og:description" content="Den 3 till 4 juni arrangerar DG Environment sin årliga konferens EU Green Week. Konferensen länkar samman beslutsfattare, näringslivet och civilsamhället för att diskutera EU:s miljöpolitik. Aktuellt för i år är diskussioner kring hur klimatpolitiken kan gynna EU:s företag och konkurrenskraft." />
<meta property="og:url" content="https://www.sbhss.eu/handelser/eu-green-week-2/" />
<meta property="og:site_name" content="SBHSS" />
<meta property="article:modified_time" content="2026-03-23T13:30:59+00:00" />
<meta name="twitter:card" content="summary_large_image" />
<meta name="twitter:label1" content="Beräknad lästid" />
	<meta name="twitter:data1" content="1 minut" />
<script type="application/ld+json" class="yoast-schema-graph">{"@context":"https://schema.org","@graph":[{"@type":"WebPage","@id":"https://www.sbhss.eu/handelser/eu-green-week-2/","url":"https://www.sbhss.eu/handelser/eu-green-week-2/","name":"EU Green Week - SBHSS","isPartOf":{"@id":"https://www.sbhss.eu/#website"},"datePublished":"2026-02-05T13:19:42+00:00","dateModified":"2026-03-23T13:30:59+00:00","breadcrumb":{"@id":"https://www.sbhss.eu/handelser/eu-green-week-2/#breadcrumb"},"inLanguage":"sv-SE","potentialAction":[{"@type":"ReadAction","target":["https://www.sbhss.eu/handelser/eu-green-week-2/"]}]},{"@type":"BreadcrumbList","@id":"https://www.sbhss.eu/handelser/eu-green-week-2/#breadcrumb","itemListElement":[{"@type":"ListItem","position":1,"name":"Hem","item":"https://www.sbhss.eu/sv/"},{"@type":"ListItem","position":2,"name":"EU Green Week"}]},{"@type":"WebSite","@id":"https://www.sbhss.eu/#website","url":"https://www.sbhss.eu/","name":"SBHSS","description":"","potentialAction":[{"@type":"SearchAction","target":{"@type":"EntryPoint","urlTemplate":"https://www.sbhss.eu/?s={search_term_string}"},"query-input":{"@type":"PropertyValueSpecification","valueRequired":true,"valueName":"search_term_string"}}],"inLanguage":"sv-SE"}]}</script>
<!-- / Yoast SEO plugin. -->

Den 3 till 4 juni arrangerar DG Environment sin årliga konferens EU Green Week. Konferensen länkar samman beslutsfattare, näringslivet och civilsamhället för att diskutera EU:s miljöpolitik. Aktuellt för i år är diskussioner kring hur klimatpolitiken kan gynna EU:s företag och konkurrenskraft.
